e (0 - j)*(-10)/(-20). Give l(t).
3
Let w(p) be the first derivative of -7/2*p**2 + 1/3*p**3 - 4*p - 7. Suppose 19 = 6*s - 23. Give w(s).
-4
Let t(u) = u + 2. Let j = -37 + 37. Let v(b) = -b**3 + b**2 - 2*b + 53. Let n be v(j). Let c = n + -56. Determine t(c).
-1
Let o(p) = -p**2 - 21*p - 103. Let r be o(-15). Let f(t) = -t**3 - 15*t**2 - 24*t + 23. Let k be f(r). Let w(x) = x**3 + 3*x**2 - 2*x + 5. Determine w(k).
11
Let m = 40175 - 40179. Let h(s) be the second derivative of -s**5/20 - s**4/3 - s**3/6 + 3*s**2/2 - s. What is h(m)?
7
Let i(w) = 30 - 76 + 25 + 28 - 4*w. Suppose 4*q = 5*q. Let v be 1/((-2)/(q - 10)). Give i(v).
-13
Let p(i) = -6*i**3 + i. Let g(l) = 35*l**3 - 4*l**2 - 8*l - 10. Let o(v) = -g(v) - 6*p(v). Give o(-4).
2
Let u be 108 - (16/(-2))/2. Let k = -112 + u. Let g(n) = -n + 6*n - 4*n + 1 + k*n. Give g(-2).
-1
Let o = -195 + 198. Let n(x) = -2*x**2 + 9*x**3 + 3*x + 3 + 3*x**2 - 10*x**3 + 2*x**o. What is n(-2)?
-7
Let w(f) = -f**2 - 41*f - 218. Let p be w(-35). Let v(u) = -15*u - 127. Determine v(p).
-7
Let f(c) = -c**3 + 3*c - 2. Let w(i) = -3*i**3 + 2*i + 1. Suppose 58 = -8*v + 50. Let o be w(v). Calculate f(o).
-4
Let v(j) = 581*j + 3488. Let k be v(-6). Let z(p) be the first derivative of 1/3*p**3 - 3*p**k + 3*p + 41. Give z(4).
-5
Suppose 171*t + 16 = 179*t. Let u be 1 + t + -13 + 15. Let r(b) = b**3 - 5*b**2 + 6*b + 1. Give r(u).
31
Let w(l) = 7 - 272*l**2 + 131*l**2 - 2*l + 137*l**2. Calculate w(3).
-35
Let h(j) = -5*j**2 - 2*j - 1. Let q = 10 - -11. Let n = q - 13. Suppose -v + 3*w = 1, n*v - 4*v = 4*w - 4. Give h(v).
-4
Let r(u) = 0 + u - 2 - 4 - 1. Let i = -116 - -122. Suppose 3*w - 35 = -5*g, -2*w + 12*g = 8*g + i. Calculate r(w).
-2
Let m(k) = 3*k**2 + 6*k - 16. Let j be (-33)/(-7) - 124/(-434). Give m(j).
89
Let z(f) be the first derivative of f**6/120 + f**3/3 - f**2 + 63*f + 27. Let m(q) be the second derivative of z(q). Calculate m(-2).
-6
Let h(t) = -2*t**2 - t + 1. Suppose 25 = -5*c - 3*s, -4*c - 4 - 9 = s. Let u be (-3)/c*5*8/30. Let i be -4 + (13 + -3)/u. Give h(i).
-2
Let r(a) = -a**3 + 11*a**2 + 13*a - 10. Let b = 361 + -368. Let j be -1*(b - (10 - 5)). What is r(j)?
2
Let y(s) = s**2 + 15*s + 28. Suppose 223 + 41 + 360 = -48*d. Calculate y(d).
2
Let t(j) be the first derivative of -j**4/4 - 5*j**3 - 13*j**2/2 - 17*j + 2287. What is t(-14)?
-31
Let f = 5851 + -5847. Let t(j) = 2*j**2 - 20*j + 57. Calculate t(f).
9
Let c(w) = 5*w - 35. Let b(h) = -287 + 104 + 94 + h + 96 - 2*h. Suppose 5*g - 2 = -4*d, 0 = -0*d - 5*d - 5*g. Let o(v) = d*c(v) - 11*b(v). Calculate o(6).
-1
Suppose -9*z + 2 = -25. Let y(h) = h**2 + 0*h**2 - z + 18*h - 25*h. Suppose -9 = -3*l + 9. Determine y(l).
-9
Let h(n) be the third derivative of 6 + 0*n + 1/3*n**3 + 1/8*n**4 - 2*n**2 + 1/60*n**5. Let p(x) = -x - 23. Let i be p(-19). Determine h(i).
6
Suppose x + 57 = -4*m + 49, -5*m = 4*x - 1. Let d(o) = -4 - 14*o - x*o + 16*o. Calculate d(4).
-12
Let k(g) = -2*g + 9. Let y(v) = 5*v - 55. Let j(t) = 6*k(t) + y(t). Calculate j(-10).
69
Let q(c) = -5*c**2 + 6 - 2 + 648*c - c**3 - 652*c. Let x(i) = -i**3 - 4*i**2 - 4*i + 3. Let m(n) = -3*q(n) + 2*x(n). Determine m(-6).
6
Let z(i) = -9*i**2 + 817*i + 177. Let g be z(91). Let l(j) = 2*j**2 + 7*j + 6. Determine l(g).
21
Let k(s) = -2*s - 6. Suppose 0 = -30*u + 31*u - 12. Suppose -c = 3*c - u. Suppose 5*b = -2*t - 38, -2*t - 29 = c*b - 3. Give k(b).
6
Let v(z) = 4*z**2 - 19*z + 41. Let x(o) = 3*o**2 - 19*o + 41. Let i(l) = 2*v(l) - 3*x(l). Calculate i(14).
29
Let o(y) = -14*y**2 + 4*y - 67. Suppose 5*v - 144*j = -145*j - 89, 64 = -4*v + j. Let a(d) = -5*d**2 + d - 23. Let t(l) = v*a(l) + 6*o(l). Calculate t(-9).
7
Suppose -120 + 56 = 16*n. Let a(h) = h**3 - 2*h**2 - 24*h + 5. Determine a(n).
5
Let f(o) be the second derivative of o**3/6 + 3*o**2/2 + 5*o. Let j be -2 + -7 - 4/(-2). Give f(j).
-4
Suppose -3*s - 34 = 5*n - 0, 0 = 2*s + 4*n + 22. Let x = s + 8. Let g(d) = -d**3 - 2*d**2 - 4*d - 8. Let q(z) = -z**2 + 2. Let r(c) = g(c) + 4*q(c). Give r(x).
-5
Let n(z) = z**3 + 11*z**2 + 17*z - 1. Let y be n(-9). Let s(h) = -h + 24. What is s(y)?
16
Suppose -29 - 10 = 4*o + 3*h, -5*h - 14 = o. Let m(k) = -k**2 - 20*k - 3. Let i(x) = 2*x - 1. Let v(z) = 5*i(z) + m(z). Determine v(o).
1
Let j be (2/(-3)*-2)/((-10)/15). Let d(o) be the first derivative of o**2/2 + 2*o + 122. Calculate d(j).
0
Let z be (1975/(-5))/(-5) + 5. Suppose z*o + 20 = 80*o. Let f(c) = -1. Let a(r) = -r + 6. Let u(t) = a(t) + 4*f(t). Calculate u(o).
7
Let v(t) = 4*t - 3. Let i(f) be the first derivative of 2*f**3 + 7*f**2/2 - 7*f - 96. Let b be i(1). Determine v(b).
21
Let y be -9 - -4 - 1 - -15 - (19 + -12). Let s(h) = 7*h**2 - 3*h. Give s(y).
22
Suppose 2*l - 8 = 0, 98*t - 97*t = l + 3. Let k(h) = h**2 - 9*h + 13. Calculate k(t).
-1
Let o(k) = -7*k + 3. Let x(i) = -2*i + 1. Let s(g) = 3*o(g) - 8*x(g). Let l = -525 + 522. Give s(l).
16
Let v(s) = -8*s**3 - 31*s**2 + s - 11. Let h be v(-4). Let l(w) = -13*w**2 + 2*w - 3. What is l(h)?
-14
Let k be 2/11 - 1020/(-561). Let q(d) = -d - d**3 + 290 + 6*d**k - 283 - 2*d**2 + 0*d. Give q(5).
-23
Let t be (-1)/2 - 2/4. Let d(v) be the first derivative of 2*v**5/5 + v**4/12 - v**2/2 + 61*v - 9. Let y(f) be the first derivative of d(f). Determine y(t).
-8
Suppose 257*u - 252*u - 15 = 0. Let s(c) = -413 + c**u - c + 0*c**3 + 419 - c**2. What is s(0)?
6
Let t(b) = 26*b - 246. Let x be t(9). Let z(h) = 11*h - 3. Determine z(x).
-135
Suppose -5*z - 334*y + 2 = -332*y, -4*y - 8 = 4*z. Let p(u) be the first derivative of -2*u - 16 - 1/2*u**z. Determine p(-10).
8
Let r(s) = -7*s**2 + 10*s - 8. Let y be (10/8)/((-495)/(-792)). Give r(y).
-16
Suppose 0 = 2*g - 8 - 20. Suppose 2*u - 5*b = 5, -3*b + g = -u - 6*b. Let j(w) = -169*w**2 - 279*w + 5 + 170*w**2 + 0 + 286*w. What is j(u)?
-5
Let y(t) = -t**3 - t**2 + t - 3. Let b(g) = -6*g**3 - 6*g**2 + 7*g - 15. Let j be (2/(-4))/((-11)/(-44)). Let v(c) = j*b(c) + 11*y(c). Calculate v(-2).
-1
Let a(s) = s**3 + 76*s**2 - 156*s + 8. Let y be a(2). Let z(q) = 8*q - q**3 + 7*q**2 - 3 + 0 + 4. What is z(y)?
1
Let m(i) = -i**2 - 18*i - 77. Let h = 10530 + -10540. Calculate m(h).
3
Let m(o) = -31*o - 90. Let d be m(-3). Let t(r) = 17 - d + 92*r - 91*r. Give t(-12).
2
Let k(i) be the first derivative of i**2 + 8*i + 1052. Give k(-4).
0
Let r(h) = h**3 - 3*h**2 - 13*h + 27. Suppose -2*j + 6*j = -4*j + 16. Calculate r(j).
-3
Let p(r) be the second derivative of -r**3/6 + 3*r - 149. Give p(-7).
7
Let i(k) = -k**2 + 16*k - 23. Let s be i(14). Let u(q) = -q + s*q - q. Calculate u(5).
15
Suppose 41*g + 56 - 343 = 0. Let x(n) = 9*n**2 + 0*n**2 - 3 + 4 - 10*n**2 - g - 14*n. What is x(-14)?
-6
Let n(w) = w**2 + 14*w. Let l(r) = r**2 - 2. Let x(g) = -5*g**2 - 12*g + 7. Let m(z) = 4*l(z) + x(z). Let j(t) = -3*m(t) - 2*n(t). Calculate j(-3).
-12
Let v(m) be the first derivative of -5/2*m**2 - 29 + 1/3*m**3 - 6*m. What is v(6)?
0
Let p = -32286 + 32308. Let b(c) = 20*c - 426. Give b(p).
14
Let s(n) be the third derivative of -1/20*n**5 + 1/6*n**3 + 1/12*n**4 + 0 + 0*n + 48*n**2. What is s(2)?
-7
Let g be 475/35 - (-3)/7 - 4. Let b(n) = -6*n + 7*n + 4 - g - n**2. Give b(0).
-6
Let v = 502 - 481. Let c(s) = s**2 - 25*s + 73. Let l be c(v). Let x(t) = t**3 + 10*t**2 - 14*t - 8. Calculate x(l).
25
Let o(k) be the second derivative of -1/6*k**3 + 0*k**2 + 1/120*k**5 + 0 + 5*k + 0*k**4. Let s(u) be the second derivative of o(u). Give s(-3).
-3
Let f(s) = 4*s**2. Let d(q) = -q**2 - 7*q - 2. Let t(j) = -j**3 - 6*j**2 + 5*j - 24. Let i be t(-7). Let r = -17 - i. Let n be d(r). Give f(n).
16
Let k(a) = 18*a - 21 - 24*a + 7*a. Let p be ((-18)/12)/(-3)*(-1 - -1). Give k(p).
-21
Let j be 216/7 + -1 + 24/21. Suppose -2*u = 5*i + j, 4*u + 9 + 8 = -i. Let z(a) = 2*a**2 + 6*a - 3. Calculate z(i).
17
Let t(s) = s**2 + 3*s - 48. Let h be t(6). Suppose 0 = 8*u - h - 10. Let g(x) be the third derivative of x**5/60 - x**4/8 - x**3/6 + x**2. Give g(u).
-3
Suppose 30*w - 31*w = 15. Let i be 10*16/24*9/w. Let r(b) = b + 1. Let s(q) = -5*q - 5. Let t(l) = -3*r(l) - s(l). Give t(i).
-6
Let l(p) be the second derivative of 1/3*p**3 + 1/20*p**5 + 0 - 1/2*p**2 - 1/4*p**4 + 30*p. What is l(4)?
23
Let n(y) = -3*y + 22. Let q(d) = d - 1. Let f(m) = -27. Let j(g) = f(g) + 4*q(g). Let x(h) = 5*j(h) + 7*n(